- g - 1. Let f be b(-2). Suppose 5*z = -5*r + 80, f*r + 12 = 3*z - 28. What is the greatest common divisor of 30 and z?
15
Let w = -1636 + 3086. Let n be (w/(-29))/(15/(-6)). What is the highest common divisor of 160 and n?
20
Let g(h) = -h**3 - 28*h**2 - 25*h + 114. Let p be g(-27). Let x be -15*((-49)/5 - -1). Calculate the highest common factor of p and x.
12
Let t be (8/(-3))/((-1)/12). Suppose -5745*b = -5740*b - 1120. Calculate the highest common factor of t and b.
32
Let u = 632 + 38. Suppose 5*o + u = -230. Let q be (-2184)/o - (-2 - (-32)/15). What is the highest common factor of 96 and q?
12
Let z be (-8 + 0)*(-17)/4. Suppose -z = r + 14. Let q be -4 - r/4 - -3. What is the greatest common divisor of q and 99?
11
Let z = 6270 + -6261. Calculate the greatest common factor of 489 and z.
3
Suppose 0 = -l - 7, 48*i - 5*l = 44*i + 851. Let y(d) = 2*d - 3. Let j be y(-5). Let b = 25 + j. Calculate the highest common divisor of i and b.
12
Let f be ((-6790)/(-2328))/(2/12)*20. What is the greatest common divisor of f and 23450?
350
Suppose -17*u + 2*r = -15*u - 60, 0 = 2*r - 14. Calculate the highest common divisor of u and 259.
37
Let p = 11 - 25. Suppose -45 = 3*c + 21. Let s = p - c. Calculate the highest common factor of s and 32.
8
Let h(s) = s**3 + 23*s**2 + 75*s - 106. Let w be h(-7). What is the greatest common divisor of w and 2703?
51
Suppose 4*p = 4*k - 6924, -2*k + 659 = p - 2794. What is the highest common factor of k and 81?
27
Let c be 1/(8/30)*(27 - (-8257)/69). What is the highest common divisor of c and 30?
10
Let v = 110 + -111. Let n be 7410/57 - (7 + v). What is the greatest common factor of n and 8?
4
Let x(c) = c**3 - 7*c**2 - 10*c - 4. Let o be x(13). Let t = o - 516. What is the highest common factor of t and 52?
52
Let u = -80 + 84. Let b(k) = 33*k**2 - 17*k + 53. Let s be b(u). Calculate the greatest common factor of s and 38.
19
Suppose -21*f + 20*f + 1740 = 2*p, 5*p + 5*f - 4345 = 0. What is the greatest common factor of p and 247?
13
Let u = -711 + 1523. Calculate the greatest common factor of 464 and u.
116
Suppose 2*w - 3*s = -22, 9 = -2*w + 5*s - 5. Let p = 106 - w. Suppose 4*o - 5 = p. What is the greatest common factor of 4 and o?
4
Let p = 148 - 112. Suppose 0 = -3*l - 6*l + p. Let g be (-40)/(-2)*3*2/l. What is the highest common factor of 210 and g?
30
Suppose -3*u + 5*u = 334. Calculate the highest common factor of u and 10688.
167
Let w = 2053 - 340. What is the highest common divisor of w and 3?
3
Let i(g) = 30*g + 13. Let s be i(11). Let h be -6 + 182/21*12. Calculate the highest common divisor of s and h.
49
Let a(j) be the first derivative of 154*j**3/3 - j**2 - 3*j + 57. Let s be a(-1). Calculate the greatest common factor of s and 408.
51
Suppose -5*d + 5*p = -18485, 0 = -27*p + 23*p - 20. What is the highest common divisor of d and 13?
13
Suppose -f + 422 = f + 370. Calculate the greatest common factor of 12038 and f.
26
Suppose 4*m + z = 3*z + 218, -99 = -2*m + 3*z. Let u = m - 49. What is the greatest common divisor of 20 and u?
4
Let m(p) = -28*p + 4. Suppose -5*g = 2*g + 35. Let r be m(g). Let w = 65 - 47. Calculate the greatest common factor of w and r.
18
Let x be 10/(-55) - -7*45/99. Let b = 1 + 8. Calculate the highest common factor of x and b.
3
Let a be (25/(-8 + 13))/1. Suppose -5*s + 20 = a*p, 3*s - 20 + 3 = -4*p. What is the highest common factor of 45 and p?
5
Let j be (-94)/3 - -32 - 340/(-3). Calculate the greatest common factor of j and 22.
2
Let o be 7/2 - ((-65)/10 + 6). Suppose 26 = o*g - 14. Let j be (-85)/2*(46/g - 5). What is the greatest common divisor of j and 34?
17
Let l = -3623 + 6797. Calculate the highest common factor of 161 and l.
23
Suppose -2*y + 12 = 4*y. Let r be (4 - 10/4)*y. Suppose -3*c - 1 = -5*p, -4*c + 2*p - r*p = -14. Calculate the greatest common divisor of c and 9.
3
Suppose 5*n + 26*n - 8652 = 3*n. Calculate the highest common factor of n and 48.
3
Let l(d) = -12*d + 435. Let n be l(-19). Suppose -10*c + 390 = -0*c. Calculate the highest common factor of n and c.
39
Suppose 125 = 8*s - 83. Suppose 2*f - 87 - 77 = 0. Suppose 0*m + 5*b - s = -m, -5*b - f = -2*m. Calculate the highest common factor of m and 24.
12
Suppose -33614 - 18086 = -220*o. Calculate the highest common factor of o and 2303.
47
Let d be (-4)/20 + -3 + 82/10. Calculate the highest common factor of d and 1145.
5
Let d(x) = -489*x + 4. Let i be d(-4). What is the greatest common factor of i and 440?
40
Let t = -61 + 103. Let h be -1 + (-42)/(-5) - t/105. Suppose -5*x + 3*p = -102, 3*x + 13 = -2*p + 78. What is the highest common divisor of h and x?
7
Let i = 4759 - 4703. What is the greatest common divisor of 581 and i?
7
Let i(c) = -39*c + 270. Let b be i(7). Let n be (b/(-6))/((-5)/(-670)) - -1. Calculate the highest common divisor of n and 102.
34
Let i = 4180 + -3764. What is the highest common factor of 1976 and i?
104
Let y be -2*-3*10/12. Suppose y*g = -97 + 147. Let r(v) = 80*v**2. Let w be r(1). What is the greatest common divisor of g and w?
10
Suppose -3*w - 5*n = -16, 10 = -0*n + 2*n. Let d = -5 + 10. Let l be 0 - w - (-2 - d). What is the greatest common divisor of 20 and l?
10
Suppose -792*k + 790*k = -144. Calculate the highest common divisor of 162 and k.
18
Let r(s) = 13*s - 1058. Let v be r(83). What is the greatest common factor of 216 and v?
3
Let d(r) = -r**3 - 73*r**2 + 76*r + 396. Let t be d(-74). What is the greatest common divisor of t and 558?
62
Let z be (-2)/12*-2 + 915*(-170)/(-153). What is the highest common divisor of z and 9?
9
Let t = 117 + -81. Suppose 2*u + 2*i - 674 = 0, -i = -2 + 1. Let c be (-8 + u/60)/((-1)/5). Calculate the greatest common divisor of c and t.
12
Let m be (-109 - -113)/((-1)/(-14)). Calculate the highest common divisor of m and 1092.
28
Let c be (-45)/(-75)*(-3290)/(-2) + 2*-3. Calculate the highest common factor of c and 9.
9
Suppose -72*j = -46*j - 1014. Let u be (-30)/45*j/(-2). Calculate the greatest common factor of u and 377.
13
Let v = 4 + -3. Suppose -2*j = 3*f + 131, -j - 38 = -2*f - 2*f. Let q = j - -66. Calculate the greatest common divisor of v and q.
1
Let j(n) = -179*n - 1500. Let a be j(-16). Calculate the greatest common factor of a and 124.
124
Let a(t) = -73*t - 433. Let i be a(-8). Calculate the greatest common divisor of 3 and i.
1
Let q = 2573 - 2538. Calculate the highest common divisor of q and 445.
5
Suppose -3*q + 269 = 44. Let p = 773 + -743. Calculate the greatest common divisor of q and p.
15
Suppose -j + 3*z - 7 - 10 = 0, 0 = 3*j - 3*z + 15. Calculate the greatest common divisor of j and 1297.
1
Let d(f) = -f**3 - 2*f**2 + 15*f - 16. Let a be d(-6). What is the highest common divisor of a and 475?
19
Let l(x) = 70*x**2 - 162*x - 334. Let g be l(-2). What is the greatest common divisor of g and 10098?
54
Suppose 31*k = 28*k - 2460. Let w = -662 - k. What is the highest common factor of 2 and w?
2
Suppose 4*i = -3*l - 601, -3*l - 372 - 197 = -4*i. Let r = 208 + l. What is the highest common divisor of 117 and r?
13
Suppose -84*f = -109*f + 1050. Calculate the greatest common divisor of f and 54.
6
Suppose 7*t - 42 = -14. Let v be 1*t/10*(-1365)/(-42). Calculate the highest common factor of 39 and v.
13
Suppose 0 = 10*q + 17 + 13. Let r be ((-12)/15)/(q/(720 - 0)). Calculate the greatest common divisor of 24 and r.
24
Suppose -y = -205 + 222. Let g be -3 + (y/(-17) - (-13 - 1)). Calculate the greatest common divisor of g and 444.
12
Suppose -444 = -29*t + 25*t. Let s = 114 - t. Suppose -6*m = -s*m - 54. Calculate the greatest common factor of m and 2.
2
Suppose -v + 6*v + 3*m - 44 = 0, -5*v + 2*m + 54 = 0. Let u = -1448 - -1848. Suppose 1158*n + u = 1163*n. What is the highest common divisor of v and n?
10
Let m = 11 + -2. Let p be (5 - (-2 + 7))/1. Suppose -2*t + t = i - 61, p = -5*t - 2*i + 311. Calculate the greatest common divisor of t and m.
9
Suppose -2*j + 240 = 4*n - 60, -3*j = n - 75. Suppose -756*f - 1000 = -764*f. Calculate the greatest common divisor of n and f.
25
Let k = 41041 + -40767. Calculate the greatest common factor of 17399 and k.
137
Let m(g) = 2*g**2 + 9*g**2 + 16*g**2 - 5*g - 3 - 20. Let q be m(-4). Calculate the highest common divisor of 39 and q.
39
Suppose -s = -4*v + 7